50023
What are the prime factors of 93014068?
2, 7, 547, 6073
What are the prime factors of 323425348?
2, 67, 439, 2749
What are the prime factors of 1966821982?
2, 1543, 637337
List the prime factors of 105142456.
2, 37, 355211
What are the prime factors of 29889415?
5, 47, 127189
What are the prime factors of 3541612997?
13, 8677, 31397
What are the prime factors of 725387264?
2, 7, 50599
What are the prime factors of 86479496?
2, 41, 263657
List the prime factors of 1858967618.
2, 929483809
What are the prime factors of 102610823?
7, 41, 47, 7607
What are the prime factors of 296131674?
2, 3, 49355279
What are the prime factors of 344757163?
3923, 87881
What are the prime factors of 2009018007?
3, 23, 29, 43, 181
List the prime factors of 2284806048.
2, 3, 7, 379, 8971
What are the prime factors of 14435628?
2, 3, 23, 193, 271
What are the prime factors of 289556335?
5, 523, 110729
List the prime factors of 211373230.
2, 5, 37, 571279
List the prime factors of 179511927.
3, 7, 71, 120397
List the prime factors of 50867418.
2, 3, 7, 331, 3659
What are the prime factors of 59512656?
2, 3, 7, 25303
List the prime factors of 667011993.
3, 113, 1967587
List the prime factors of 804737600.
2, 5, 502961
What are the prime factors of 40622457?
3, 823, 16453
List the prime factors of 301052448.
2, 3, 1045321
List the prime factors of 1093520782.
2, 546760391
List the prime factors of 4036217119.
11, 366928829
What are the prime factors of 1557854649?
3, 13, 13314997
What are the prime factors of 778345278?
2, 3, 129724213
What are the prime factors of 1588489843?
17, 2551, 36629
List the prime factors of 211524953.
211524953
What are the prime factors of 1132862632?
2, 11, 12873439
List the prime factors of 12671635.
5, 2534327
What are the prime factors of 38444555?
5, 941, 8171
List the prime factors of 1409909440.
2, 5, 19, 231893
What are the prime factors of 1863183206?
2, 19, 43, 313, 3643
List the prime factors of 470368053.
3, 17, 31, 3673
What are the prime factors of 478985554?
2, 19, 47, 268189
What are the prime factors of 4566608939?
4751, 961189
List the prime factors of 46441844.
2, 31, 374531
List the prime factors of 185080417.
173, 641, 1669
List the prime factors of 2885032.
2, 157, 2297
What are the prime factors of 87735617?
53, 1655389
What are the prime factors of 74312488?
2, 9289061
List the prime factors of 197080029.
3, 21897781
List the prime factors of 4044592668.
2, 3, 1789, 188401
What are the prime factors of 73855360?
2, 5, 115399
List the prime factors of 12024688.
2, 13, 4447
List the prime factors of 161797397.
161797397
List the prime factors of 439866870.
2, 3, 5, 97, 151157
What are the prime factors of 8975778?
2, 3, 7, 47, 4547
List the prime factors of 1155018941.
263, 4391707
What are the prime factors of 2728926?
2, 3, 151607
What are the prime factors of 12172729?
12172729
What are the prime factors of 161828790?
2, 3, 5, 199, 27107
List the prime factors of 64411010.
2, 5, 6441101
List the prime factors of 394147741.
13, 281, 107897
What are the prime factors of 90048715?
5, 109, 127, 1301
What are the prime factors of 943968251?
943968251
What are the prime factors of 391923335?
5, 23, 389, 8761
List the prime factors of 2785625487.
3, 337, 918439
What are the prime factors of 10247689?
3049, 3361
What are the prime factors of 24425897?
1429, 17093
List the prime factors of 2040314235.
3, 5, 53, 2566433
List the prime factors of 1612696365.
3, 5, 7, 67, 25471
List the prime factors of 270934265.
5, 7, 31, 67, 3727
What are the prime factors of 849126095?
5, 169825219
List the prime factors of 8199974.
2, 313, 13099
What are the prime factors of 48151276?
2, 17, 439, 1613
List the prime factors of 4398697197.
3, 127, 449, 2857
List the prime factors of 68958990.
2, 3, 5, 766211
List the prime factors of 4222307358.
2, 3, 5077, 15401
What are the prime factors of 63075164?
2, 1279, 12329
What are the prime factors of 3241751720?
2, 5, 3361, 24113
List the prime factors of 15247371.
3, 727, 6991
What are the prime factors of 113754793?
151, 859, 877
List the prime factors of 117486955.
5, 53, 443347
What are the prime factors of 817191051?
3, 13381, 20357
What are the prime factors of 70074931?
877, 79903
What are the prime factors of 5712190389?
3, 599, 117731
List the prime factors of 651855.
3, 5, 43457
What are the prime factors of 8296365890?
2, 5, 829636589
List the prime factors of 1400848.
2, 87553
List the prime factors of 30123426.
2, 3, 199, 25229
What are the prime factors of 5198098406?
2, 79, 853, 38569
What are the prime factors of 1136236349?
1136236349
What are the prime factors of 472134551?
7, 167, 57697
List the prime factors of 389612024.
2, 19, 2563237
List the prime factors of 2014774425.
3, 5, 757, 3943
What are the prime factors of 136242834?
2, 3, 7, 13, 43, 829
List the prime factors of 129692943.
3, 571, 25237
What are the prime factors of 241745526?
2, 3, 11, 167, 2437
List the prime factors of 94470784.
2, 738053
List the prime factors of 97384165.
5, 67, 149, 1951
List the prime factors of 515706268.
2, 7, 11, 1674371
What are the prime factors of 292739643?
3, 7, 17, 179, 509
List the prime factors of 3697187788.
2, 7, 113, 166931
List the prime factors of 28897636.
2, 67, 107827
What are the prime factors of 325373750?
2, 5, 13, 20023
List the prime factors of 2900852464.
2, 181303279
List the prime factors of 3397594435.
5, 679518887
What are the prime factors of 41278230?
2, 3, 5, 7, 65521
List the prime factors of 2429717036.
2, 19, 37, 864053
List the prime factors of 541373044.
2, 29, 439, 10631
What are the prime factors of 51829926?
2, 3, 337, 25633
List the prime factors of 60457527.
3, 13, 43, 61, 197
What are the prime factors of 319892587?
7, 17, 2688173
What are the prime factors of 170640296?
2, 389, 54833
List the prime factors of 1307335250.
2, 5, 13, 433, 929
List the prime factors of 486613262.
2, 31, 7848601
List the prime factors of 291509042.
2, 11, 13250411
What are the prime factors of 257336613?
3, 61, 468737
List the prime factors of 1645564761.
3, 60946843
List the prime factors of 3938276428.
2, 984569107
What are the prime factors of 160756257?
3, 97, 131, 4217
List the prime factors of 16565325.
3, 5, 7, 139, 227
List the prime factors of 79750421.
79, 1009499
List the prime factors of 301360033.
13, 23181541
List the prime factors of 565193218.
2, 282596609
What are the prime factors of 355580990?
2, 5, 397, 89567
List the prime factors of 33072343.
821, 40283
What are the prime factors of 109284115?
5, 349, 62627
What are the prime factors of 16415807?
16415807
List the prime factors of 266641046.
2, 7, 347, 7841
List the prime factors of 3482223676.
2, 31, 1093, 25693
What are the prime factors of 2156346067?
131, 16460657
What are the prime factors of 3031525?
5, 7, 17, 1019
List the prime factors of 59785174.
2, 31, 97, 9941
What are the prime factors of 738966714?
2, 3, 123161119
List the prime factors of 291244099.
291244099
List the prime factors of 966216032.
2, 30194251
What are the prime factors of 4478698474?
2, 2239349237
What are the prime factors of 3487498084?
2, 7, 101, 199, 6197
What are the prime factors of 13626540?
2, 3, 5, 75703
List the prime factors of 970541585.
5, 13, 14931409
List the prime factors of 3286200280.
2, 5, 11, 821, 827
List the prime factors of 101907376.
2, 103, 61837
What are the prime factors of 228600924?
2, 3, 83, 229519
What are the prime factors of 2053913087?
23, 89300569
What are the prime factors of 730970728?
2, 23, 349, 11383
List the prime factors of 1368785179.
1368785179
List the prime factors of 189359873.
31, 2423, 2521
List the prime factors of 607893589.
607893589
List the prime factors of 183962119.
11, 23, 727123
What are the prime factors of 1298261609?
151, 8597759
What are the prime factors of 13114266?
2, 3, 11, 198701
List the prime factors of 82646839.
11, 29, 509
What are the prime factors of 435917545?
5, 7, 359, 34693
What are the prime factors of 572803278?
2, 3, 389, 245417
List the prime factors of 160781756.
2, 347, 115837
List the prime factors of 237909710.
2, 5, 23790971
What are the prime factors of 133163676?
2, 3, 410999
What are the prime factors of 54943537?
11